12).
37
Let q(i) = -i**3 - 11*i**2 - 9*i + 14. Let w be q(-10). Suppose 5*o + 10 = -w*a + 26, 5*o = -2*a + 8. Suppose -a*s = -0*s - 44. What are the prime factors of s?
11
Let s(n) = -2*n**3 + n**2 - n + 3. List the prime factors of s(-3).
3, 23
Let l = 23 - 7. Suppose -v + 5*v = l. Let f = 8 - v. List the prime factors of f.
2
Suppose 2*r - 3*i = 2*i + 129, -2*i = 4*r - 198. List the prime factors of r.
2, 13
Let h = 2 - 3. Let u be (-2 - -3)*1 + h. Suppose u = -3*l - 12 + 45. What are the prime factors of l?
11
Let n(x) = x - 5. Let c be n(6). Let m be (-2)/(1*(1 + c)). Let v(h) = -10*h**3 - h**2. List the prime factors of v(m).
3
Let q = 0 + 0. Suppose q = -k + 4 - 1. List the prime factors of k.
3
Let o(b) = 57*b**2 + 4*b - 9. Let c(z) = -14*z**2 - z + 2. Let d(f) = -9*c(f) - 2*o(f). List the prime factors of d(1).
13
What are the prime factors of 39/52 + 1178/8?
2, 37
Let a(m) be the first derivative of m**3/3 + 2*m**2 + 5*m + 2. Let b = -11 + 7. List the prime factors of a(b).
5
List the prime factors of 3 + 119 + 6/(-3) + 2.
2, 61
Let u = -298 - -511. What are the prime factors of u?
3, 71
Let f be (-5)/5*0/(-1). What are the prime factors of f + 4/(-2) + 27?
5
Suppose -2*y + 16 = 4*n, -4*y + n + 0*n = -23. What are the prime factors of ((-27)/(-12))/(y/80)?
2, 3, 5
Let z = 246 - 115. What are the prime factors of z?
131
Let w be 324/10 + (-4)/10. Let s = -4 + 24. Let a = w - s. List the prime factors of a.
2, 3
Let r(s) = s**3 - 7*s**2 + 6*s - 7. Let l be r(6). Let y = l + 11. What are the prime factors of y?
2
Suppose 5*b - b = 64. Suppose -4*k + 0*k - b = 0. What are the prime factors of ((-18)/k)/((-1)/(-2))?
3
Suppose -3*z = z - 16. Suppose w + w = z. What are the prime factors of w?
2
Let w(k) = -3*k - 7. What are the prime factors of w(-14)?
5, 7
Suppose 348 = 13*r - r. What are the prime factors of r?
29
Suppose -326 = -10*i + 1524. List the prime factors of i.
5, 37
Suppose -2*j = -0*j + 2. Let w be (-35)/(-21)*j*3. Let s = w + 18. What are the prime factors of s?
13
Let a(h) = h**2 - 2*h - 1. Let j be a(3). Suppose 4*p - 6*v + v = 85, 5*p = j*v + 85. What are the prime factors of p?
3, 5
Suppose 7*o - 1476 = 120. List the prime factors of o.
2, 3, 19
Let k = -3 - -3. Suppose -2*n + 5*n - 3 = k. What are the prime factors of 2 + (-1 + n)/(-3)?
2
Suppose k + 2 = 3. Let o be 3 + -5 - (-3 + k). Suppose o*u = 4*u - 72. What are the prime factors of u?
2, 3
Suppose 0 = -0*r - r + 4. Let b = r - 2. List the prime factors of b.
2
Suppose -2*w - 3*w = 0. Let m = 0 + w. Let l = 4 - m. List the prime factors of l.
2
Suppose 2*f - 242 = -72. Suppose 2*i - f = 3*i. What are the prime factors of i/(-6) + (-4)/24?
2, 7
Suppose -120 = -5*g + g. List the prime factors of g.
2, 3, 5
Let p(i) = 3 + i**2 + 0*i**2 + i + 0. What are the prime factors of p(-3)?
3
Suppose -2*s = -5*s + 330. List the prime factors of s.
2, 5, 11
Let q = 1 + 6. What are the prime factors of q*3 - (-2 + 4)?
19
Suppose -5*p + 25 = 5*t, 0 = 5*t - 2*p + 6*p - 21. Let x be 9 - -3 - (0 + t). Let k(b) = b**3 - 10*b**2 - 12*b + 16. What are the prime factors of k(x)?
5
Suppose 0*n + 273 = 3*n. What are the prime factors of 2769/n - (-6)/(-14)?
2, 3, 5
Let c = 4 + -20. Suppose -3*t + 5 = 2*t, -5*t - 24 = -d. Let q = c + d. List the prime factors of q.
13
Let p = -25 - -26. List the prime factors of p/(2*(-4)/(-160)).
2, 5
Let n(g) = -2*g**3 + 5*g**2 + 4*g - 12. Let t(i) = -3*i**3 + 7*i**2 + 6*i - 18. Let s(f) = 7*n(f) - 5*t(f). What are the prime factors of s(0)?
2, 3
Suppose -k + 76 = 2*b, 0 = 5*b - 2*k - 137 - 35. Suppose y + b = c, 2*y + 0*y = 4*c - 150. List the prime factors of c.
3, 13
Let m(u) be the third derivative of u**6/120 - u**5/10 + u**4/24 + 2*u**2. What are the prime factors of m(6)?
2, 3
Let a = -41 + 335. What are the prime factors of a?
2, 3, 7
Let s be 4/(-22) - 228/(-44). Let h = 11 - s. Suppose -2*r - 32 = -h*r. List the prime factors of r.
2
Suppose -5*d = -119 - 171. What are the prime factors of d?
2, 29
Suppose -128 = -6*i + 676. What are the prime factors of i?
2, 67
Let t = 525 + -285. Suppose 98 = 2*h + 3*m, 4*h - 3*m - 2*m - t = 0. Suppose 6*g = g + h. What are the prime factors of g?
11
Let a = -506 + 730. List the prime factors of a.
2, 7
List the prime factors of (-42)/(-2)*4/3.
2, 7
Suppose 56 = z + 3*n, -2*z + 112 = 6*n - n. What are the prime factors of z?
2, 7
Let d(n) = n. Let a be d(4). Let v = a + -3. What are the prime factors of (-1)/v + 11 + 1?
11
Let x(n) = 14*n - 22. List the prime factors of x(10).
2, 59
Suppose 5 = 4*q - 3. Let f(t) = 2*t**3 - 1 - 3*t**2 + t - 2*t + t**2. List the prime factors of f(q).
5
Suppose 3*h + 0*k - k - 318 = 0, -2*k + 6 = 0. List the prime factors of h.
107
Let h = -42 + 66. What are the prime factors of h?
2, 3
List the prime factors of -2 - (-41 + 0 + -3).
2, 3, 7
Suppose 6*u - 1276 = -496. What are the prime factors of u?
2, 5, 13
Let k(i) be the third derivative of -i**4/24 + 3*i**2. Let h(q) = -3*q + 9. Let b(s) = h(s) - 2*k(s). List the prime factors of b(5).
2
Let j be ((-4)/3)/(2/(-36)). Let p = j + -17. List the prime factors of p.
7
Suppose 2*d - 270 = -3*d. What are the prime factors of d?
2, 3
Let g = 67 + -34. What are the prime factors of g?
3, 11
Let n(z) = -z**2 + 30. Let y be n(0). Suppose -4*w + 11 + 57 = 0. Let a = y - w. List the prime factors of a.
13
Let x(r) = 2*r**2 + r + 2. List the prime factors of x(4).
2, 19
Suppose -4 = -3*k + 4*k. Let x = 2 - k. What are the prime factors of x?
2, 3
Let q(l) = -6*l - 1. Let z be q(1). Let g be 24*((-63)/(-12))/z. Let v = 25 + g. What are the prime factors of v?
7
Let a = 83 - -26. Let u = a + -58. List the prime factors of u.
3, 17
Suppose k - 2*s - 81 = 0, 0*s - s = -5*k + 450. What are the prime factors of k?
7, 13
Let t(p) = -p**3 - 7*p**2 - 3*p + 8. Let a be t(-6). Let c = a - -16. List the prime factors of c.
2, 3
Suppose -b = 2*b - 39. Let t = -7 + b. What are the prime factors of t?
2, 3
Suppose -2*z + 36 = 3*z - 4*j, -z + 5*j = -24. Suppose z + 0 = x. List the prime factors of x.
2
Suppose 162 = 67*q - 65*q. List the prime factors of q.
3
Suppose -4*p = 3*q - 7 - 210, p - 51 = -4*q. What are the prime factors of p?
5, 11
Let b be (12 - 0)/(5/15). Suppose 5*f + b = 7*f. What are the prime factors of f?
2, 3
Suppose 2*l = 4*o - 16, 5*l - 3*o + 12 = 2*l. Suppose l*v - 3*v = -63. What are the prime factors of v?
3, 7
Let v(t) = 3*t**2 - t + 2. Let p(q) = -q**2 + q - 1. Let m(k) = -5*p(k) - v(k). What are the prime factors of m(3)?
3
Suppose 0 = 5*y - p - 137, -3*y - 3*p + 71 = 2*p. List the prime factors of y.
3
Let a = 10 - 5. Suppose a*x - 150 = 4*z - 9*z, 3*x - z - 82 = 0. List the prime factors of x.
2, 7
Let q(v) = 8*v**3 + v**2 + 2*v - 1. Let u be q(-2). Let m = 106 + u. What are the prime factors of m?
41
Let c be 42/6*6/7. Suppose -x + c + 8 = 0. List the prime factors of x.
2, 7
Let h(o) = 14*o**2 + o. Let x be h(-2). Suppose -2*t = 4*z - 3*t - x, t = 5*z - 67. List the prime factors of z.
13
Let c = 84 - 58. What are the prime factors of c?
2, 13
What are the prime factors of -2 + -1 + (2 - (-22 - 4))?
5
Let v be 1 + -1 + (-1 - -2). Let n be 1 - (0 - v) - -26. Let h = n + -14. What are the prime factors of h?
2, 7
Let o(v) = v**2 - 4*v - 3. Let h be o(5). Suppose 0*a - 86 = -4*a + h*y, 0 = 2*a - 2*y - 46. What are the prime factors of a?
2, 5
Suppose -153 = -5*s - 53. Let j = s + -11. What are the prime factors of j - (0/(-2) - 0)?
3
Suppose 5*h + 490 = 3*t, -3*h = 3*t - 610 + 160. List the prime factors of t.
5, 31
Suppose -b = 5*t - 16, -b = -0*t - t + 2. Let p be 1 + -2 - b*-5. Suppose -s - p*s = -15. What are the prime factors of s?
3
Let a(p) = p**3 + p**2 + p + 1. Let d be a(-2). Let t = 11 + d. What are the prime factors of t?
2, 3
Suppose 0 = -3*s - 5*t + 62, -t - 98 = -5*s - 4*t. Suppose -s = -5*o + 1. List the prime factors of o.
2
Let p(m) = 11*m - 7. Let k(s) = -2*s + 1. Let g(l) = 34*k(l) + 6*p(l). Let b be g(-6). Suppose b = h - 5. What are the prime factors of h?
3
Suppose -5*b + 2*b - 33 = 0. Let a = 18 + b. List the prime factors of a.
7
Let s = 5 + 42. Suppose -3*y + s - 17 = 0. What are the prime factors of y?
2, 5
What are the prime factors of (-2)/10*-623 + 12/30?
5
Let s(u) be the first derivative of 